 172db (base 14) to base 7.
331464
-21b (base 13) to base 7
-1025
What is -944 (base 12) in base 8?
-2504
What is -51 (base 11) in base 3?
-2002
What is -593c (base 13) in base 9?
-18202
-22772 (base 10) to base 15
-6b32
Convert c26 (base 13) to base 4.
200030
-1562 (base 7) to base 16
-278
-11861 (base 9) to base 16
-1f39
f0 (base 16) to base 15
110
-32030 (base 4) to base 11
-756
What is -112201 (base 3) in base 15?
-1b7
What is 3048 (base 10) in base 6?
22040
Convert -342 (base 12) to base 3.
-122212
What is -24725 (base 8) in base 12?
-6245
Convert -22110 (base 3) to base 4.
-3210
-39b (base 15) to base 11
-687
Convert 420053 (base 6) to base 15.
9ed9
Convert 676 (base 9) to base 2.
1000101011
Convert -2148 (base 14) to base 11.
-4356
What is -1132333 (base 5) in base 8?
-50750
Convert -14101 (base 7) to base 14.
-1571
-660 (base 12) to base 8
-1650
2114212 (base 5) to base 12
186b1
What is 154 (base 7) in base 16?
58
Convert 33319 (base 12) to base 10.
67845
Convert -1858 (base 12) to base 15.
-d18
What is 32050 (base 6) in base 13?
1c98
What is 93 (base 12) in base 5?
421
What is 10100002 (base 3) in base 7?
10043
What is 4adc (base 16) in base 7?
106605
120201201 (base 3) to base 10
11467
What is -61b (base 12) in base 3?
-1012212
What is 0 (base 10) in base 12?
0
Convert 1013201 (base 4) to base 15.
1552
Convert -419 (base 12) to base 6.
-2433
23202 (base 5) to base 4
122031
2212010 (base 3) to base 13
c42
What is -10443 (base 10) in base 7?
-42306
-422 (base 16) to base 15
-4a8
-1316 (base 14) to base 11
-2578
What is 332452 (base 6) in base 16?
6cb0
What is 13ebd (base 15) in base 9?
106807
What is -1000202222 (base 3) in base 5?
-1121444
What is -1247 (base 10) in base 14?
-651
What is 10b1 (base 15) in base 11?
272a
1200215 (base 6) to base 15
136cb
6465 (base 8) to base 9
4566
What is -1011101000011 (base 2) in base 15?
-1b70
-160430 (base 7) to base 16
-7ac6
Convert 110101101 (base 2) to base 14.
229
Convert 1112102 (base 3) to base 16.
45e
What is 1111104 (base 5) in base 6?
230225
What is -5557 (base 10) in base 2?
-1010110110101
-15039 (base 13) to base 7
-223302
Convert -111001000010 (base 2) to base 13.
-187a
What is 115502 (base 6) in base 11?
7845
-2242 (base 13) to base 6
-34054
-1185 (base 12) to base 15
-8b8
-360 (base 7) to base 15
-c9
Convert -111022 (base 4) to base 3.
-1212011
What is 490 (base 16) in base 11?
972
Convert -32304 (base 7) to base 16.
-1f68
155 (base 16) to base 12
245
-1364 (base 8) to base 2
-1011110100
What is 91a5 (base 12) in base 3?
210200222
Convert 661 (base 9) to base 2.
1000011101
What is -10676 (base 9) in base 12?
-4150
What is 53c5 (base 14) in base 12?
8469
-101010100 (base 2) to base 4
-11110
What is -1bb (base 13) in base 10?
-323
What is -7463 (base 11) in base 8?
-23216
What is -10110010000 (base 2) in base 8?
-2620
-17c27 (base 13) to base 16
-b3b1
Convert -284 (base 9) to base 3.
-22211
What is -5c5 (base 13) in base 8?
-1756
Convert -12235 (base 6) to base 10.
-1823
What is -336020 (base 7) in base 10?
-59696
4408 (base 10) to base 14
186c
Convert 8d3c (base 14) to base 16.
5fea
What is 1001102201 (base 3) in base 15?
621d
What is 4098 (base 11) in base 2?
1010100110111
447 (base 11) to base 5
4120
211122001 (base 3) to base 2
100000001110010
What is -1127 (base 12) in base 15?
-86d
What is 216 (base 10) in base 12?
160
Convert 3771 (base 12) to base 7.
24205
-45466 (base 8) to base 3
-222102010
What is -7946 (base 10) in base 13?
-3803
12242 (base 6) to base 5
24301
Convert -16188 (base 11) to base 8.
-54474
-21021122 (base 3) to base 11
-3a97
70757 (base 8) to base 12
14a67
-10011101000 (base 2) to base 4
-103220
What is 8d0 (base 16) in base 14?
b72
What is 2a2 (base 12) in base 2?
110011010
What is -111100011 (base 2) in base 11?
-3aa
Convert 10044 (base 5) to base 9.
801
Convert -198 (base 11) to base 13.
-147
Convert 149 (base 11) to base 5.
1144
Convert -32222 (base 5) to base 9.
-3000
Convert -b811 (base 12) to base 15.
-5e9d
What is -110101000 (base 2) in base 12?
-2b4
Convert -15350 (base 9) to base 15.
-3199
1944 (base 11) to base 8
4644
Convert 1100011100 (base 2) to base 13.
493
226 (base 12) to base 9
383
What is 1213 (base 6) in base 5?
2142
-39 (base 14) to base 13
-3c
3801 (base 9) to base 10
2836
-279 (base 13) to base 6
-2010
Convert 18c (base 14) to base 9.
385
Convert -b7b (base 12) to base 13.
-9c2
110001101111 (base 2) to base 5
100213
What is b65 (base 13) in base 16?
796
Convert 10 (base 9) to base 11.
9
What is -439 (base 15) in base 3?
-1022100
407 (base 10) to base 7
1121
What is 4535 (base 12) in base 2?
1110111111001
162 (base 14) to base 10
282
Convert 1005 (base 10) to base 7.
2634
Convert -213001 (base 4) to base 11.
-1970
-151 (base 14) to base 8
-413
Convert 21300110 (base 4) to base 6.
504552
Convert -5131 (base 6) to base 3.
-1120001
-1061 (base 10) to base 6
-4525
-3e9 (base 15) to base 9
-1203
What is -1121020111 (base 3) in base 9?
-47214
-124141 (base 5) to base 11
-3774
What is 1330321 (base 4) in base 7?
32206
1637 (base 10) to base 14
84d
What is 214340 (base 5) in base 4?
1310232
Convert -25576 (base 9) to base 16.
-4359
What is -12e1 (base 16) in base 2?
-1001011100001
Convert -1b (base 12) to base 9.
-25
-72173 (base 10) to base 6
-1314045
-48015 (base 9) to base 10
-32090
-565 (base 8) to base 11
-30a
414244 (base 6) to base 5
2031424
What is -5265 (base 9) in base 14?
-15a2
What is -24 (base 9) in base 10?
-22
What is -b74 (base 14) in base 2?
-100011010010
What is 616 (base 7) in base 9?
371
Convert -327b7 (base 12) to base 9.
-111574
Convert -2703 (base 10) to base 9.
-3633
Convert 2832 (base 11) to base 6.
24545
Convert -777 (base 12) to base 9.
-1451
Convert -25131 (base 6) to base 14.
-1503
Convert 5321 (base 14) to base 11.
a854
What is -54244 (base 6) in base 3?
-101012201
Convert -1021222020 (base 3) to base 9.
-37866
What is -14455 (base 6) in base 14?
-bd1
Convert -863 (base 9) to base 16.
-2c1
-103 (base 9) to base 16
-54
Convert -21033 (base 4) to base 8.
-1117
Convert -21101 (base 3) to base 2.
-11000111
100220100 (base 3) to base 14
28b8
-5458 (base 11) to base 6
-53202
Convert -3113 (base 6) to base 9.
-850
What is 2563 (base 8) in base 3?
1220200
Convert -118c (base 13) to base 3.
-10101221
What is 140110 (base 5) in base 7?
22326
What is 2734 (base 8) in base 2?
10111011100
Convert -11458 (base 10) to base 2.
-10110011000010
Convert 1215 (base 10) to base 4.
102333
Convert -5371 (base 8) to base 13.
-1381
What is 415 (base 6) in base 10?
155
Convert 2867 (base 15) to base 5.
234042
Convert 21210 (base 3) to base 5.
1320
What is -1102202 (base 4) in base 8?
-12242
What is -13 (base 6) in base 2?
-1001
What is -1599 (base 10) in base 8?
-3077
Convert 46265 (base 8) to base 3.
222221022
1111100 (base 3) to base 12
769
1a8 (base 11) to base 12
17b
What is 3040 (base 8) in base 4?
120200
Convert 1200023 (base 4) to base 10.
6155
What is 1110000000100 (base 2) in base 4?
1300010
Convert -24145 (base 8) to base 14.
-3aa9
Convert 3031103 (base 5) to base 7.
262401
-9438 (base 14) to base 12
-12936
Convert 31041 (base 5) to base 10.
2021
Convert 3c8e (base 15) to base 11.
9811
What is 15027 (base 14) in base 10?
52171
-55a (base 11) to base 6
-3034
Convert -36645 (base 11) to base 13.
-1ac98
Convert 12011122 (base 3) to base 8.
7272
-232013 (base 5) to base 11
-6331
1e5c (base 15) to base 4
1213110
972 (base 10) to base 2
1111001100
Convert 11020 (base 12) to base 13.
a30b
Convert 15032 (base 6) to base 11.
1889
Convert 25a (base 11) to base 8.
463
What is -1368 (base 14) in base 11?
-2633
Convert -16c (base 14) to base 6.
-1204
What is -65e4 (base 16) in base 13?
-bb46
-11000100101011 (base 2) to base 12
-734b
484 (base 10) to base 4
13210
Convert 11111110011 (base 2) to base 13.
c07
Convert 87a3 (base 14) to base 6.
300351
Convert 12023 (base 7) to base 8.
6040
-5120 (base 9) to base 10
-3744
2146 (base 11) to base 14
1065
What is a2 (base 15) in base 9?
178
557 (base 12) to base 3
1002011
212012 (base 3) to base 7
1553
Convert -1022012 (base 3) to base 11.
-794
Convert 3393 (base 16) to base 6.
141043
111000111010001 (base 2) to base 16
71d1
Convert -378 (base 14) to base 10.
-694
Convert 2c (base 14) to base 12.
34
